

{"id":134,"date":"2022-04-15T11:01:27","date_gmt":"2022-04-15T04:01:27","guid":{"rendered":"https:\/\/bvndgiadinh.org.vn\/?page_id=134"},"modified":"2026-02-24T15:57:18","modified_gmt":"2026-02-24T08:57:18","slug":"ban-giam-doc","status":"publish","type":"page","link":"https:\/\/bvndgiadinh.org.vn\/?page_id=134","title":{"rendered":"Ban Gi\u00e1m \u0110\u1ed1c"},"content":{"rendered":"\n<div class=\"wp-block-columns is-layout-flex wp-container-core-columns-is-layout-9d6595d7 wp-block-columns-is-layout-flex\">\n<div class=\"wp-block-column is-layout-flow wp-block-column-is-layout-flow\" style=\"flex-basis:50%\">\n<figure class=\"wp-block-gallery has-nested-images columns-default is-cropped wp-block-gallery-1 is-layout-flex wp-block-gallery-is-layout-flex\">\n<figure class=\"wp-block-image size-large\"><img loading=\"lazy\" decoding=\"async\" width=\"1024\" height=\"731\" data-id=\"1505\" src=\"https:\/\/bvndgiadinh.org.vn\/wp-content\/uploads\/2022\/05\/PGD_BS_Hai-1024x731.jpg\" alt=\"\" class=\"wp-image-1505\" srcset=\"https:\/\/bvndgiadinh.org.vn\/wp-content\/uploads\/2022\/05\/PGD_BS_Hai-1024x731.jpg 1024w, https:\/\/bvndgiadinh.org.vn\/wp-content\/uploads\/2022\/05\/PGD_BS_Hai-scaled-600x428.jpg 600w, https:\/\/bvndgiadinh.org.vn\/wp-content\/uploads\/2022\/05\/PGD_BS_Hai-300x214.jpg 300w, https:\/\/bvndgiadinh.org.vn\/wp-content\/uploads\/2022\/05\/PGD_BS_Hai-768x548.jpg 768w, https:\/\/bvndgiadinh.org.vn\/wp-content\/uploads\/2022\/05\/PGD_BS_Hai-1536x1097.jpg 1536w, https:\/\/bvndgiadinh.org.vn\/wp-content\/uploads\/2022\/05\/PGD_BS_Hai-2048x1462.jpg 2048w\" sizes=\"auto, (max-width: 1024px) 100vw, 1024px\" \/><\/figure>\n<\/figure>\n<\/div>\n\n\n\n<div class=\"wp-block-column is-layout-flow wp-block-column-is-layout-flow\" style=\"flex-basis:50%\">\n<h4 class=\"wp-block-heading has-text-align-left has-medium-font-size\"><strong>GI\u00c1M \u0110\u1ed0C<\/strong><\/h4>\n\n\n\n<h3 class=\"wp-block-heading has-text-align-left has-vivid-cyan-blue-color has-text-color\"><strong>PGS.TS.BS NGUY\u1ec4N HO\u00c0NG H\u1ea2I<\/strong><\/h3>\n\n\n\n<p class=\"has-text-align-left quoteGiamDoc has-medium-font-size\">L\u1ea5y ng\u01b0\u1eddi b\u1ec7nh l\u00e0m trung t\u00e2m, \u0111\u00e1p \u1ee9ng s\u1ef1 mong \u0111\u1ee3i c\u1ee7a ng\u01b0\u1eddi b\u1ec7nh b\u1eb1ng c\u00e1ch \u0111a d\u1ea1ng h\u00f3a d\u1ecbch v\u1ee5 y t\u1ebf \u0111\u1ea3m b\u1ea3o ch\u1ea5t l\u01b0\u1ee3ng, an to\u00e0n ng\u01b0\u1eddi b\u1ec7nh v\u1edbi gi\u00e1 c\u1ea3 h\u1ee3p l\u00fd, t\u00f4n tr\u1ecdng y \u0111\u1ee9c v\u00e0 tu\u00e2n th\u1ee7 ph\u00e1p lu\u1eadt.<\/p>\n<\/div>\n<\/div>\n\n\n\n<p><a href=\"http:\/\/bvndgiadinh.org.vn\/doctor\/bangiamdoc\/#\"><\/a><\/p>\n\n\n\n<div class=\"wp-block-columns is-not-stacked-on-mobile is-layout-flex wp-container-core-columns-is-layout-9d6595d7 wp-block-columns-is-layout-flex\">\n<div class=\"wp-block-column is-layout-flow wp-block-column-is-layout-flow\" style=\"flex-basis:25.01%\">\n<figure class=\"wp-block-image size-full is-resized\"><img loading=\"lazy\" decoding=\"async\" width=\"1280\" height=\"853\" src=\"https:\/\/bvndgiadinh.org.vn\/wp-content\/uploads\/2023\/04\/bscong.jpg\" alt=\"\" class=\"wp-image-1825\" style=\"width:359px\" srcset=\"https:\/\/bvndgiadinh.org.vn\/wp-content\/uploads\/2023\/04\/bscong.jpg 1280w, https:\/\/bvndgiadinh.org.vn\/wp-content\/uploads\/2023\/04\/bscong-600x400.jpg 600w, https:\/\/bvndgiadinh.org.vn\/wp-content\/uploads\/2023\/04\/bscong-300x200.jpg 300w, https:\/\/bvndgiadinh.org.vn\/wp-content\/uploads\/2023\/04\/bscong-1024x682.jpg 1024w, https:\/\/bvndgiadinh.org.vn\/wp-content\/uploads\/2023\/04\/bscong-768x512.jpg 768w, https:\/\/bvndgiadinh.org.vn\/wp-content\/uploads\/2023\/04\/bscong-1200x800.jpg 1200w\" sizes=\"auto, (max-width: 1280px) 100vw, 1280px\" \/><\/figure>\n\n\n\n<h5 class=\"wp-block-heading has-text-align-center\"><strong>PH\u00d3 GI\u00c1M \u0110\u1ed0C <\/strong><\/h5>\n\n\n\n<h5 class=\"wp-block-heading has-text-align-center\">TS.BS V\u00d5 H\u1ed2NG MINH C\u00d4NG<\/h5>\n<\/div>\n\n\n\n<div class=\"wp-block-column is-vertically-aligned-top is-layout-flow wp-block-column-is-layout-flow\" style=\"flex-basis:25%\"><div class=\"wp-block-image\">\n<figure class=\"aligncenter size-large is-resized\"><img loading=\"lazy\" decoding=\"async\" width=\"1024\" height=\"731\" src=\"https:\/\/bvndgiadinh.org.vn\/wp-content\/uploads\/2022\/05\/PGD_BS_Hao-1024x731.jpg\" alt=\"\" class=\"wp-image-1512\" style=\"aspect-ratio:1.4;width:241px;height:auto\" srcset=\"https:\/\/bvndgiadinh.org.vn\/wp-content\/uploads\/2022\/05\/PGD_BS_Hao-1024x731.jpg 1024w, https:\/\/bvndgiadinh.org.vn\/wp-content\/uploads\/2022\/05\/PGD_BS_Hao-scaled-600x428.jpg 600w, https:\/\/bvndgiadinh.org.vn\/wp-content\/uploads\/2022\/05\/PGD_BS_Hao-300x214.jpg 300w, https:\/\/bvndgiadinh.org.vn\/wp-content\/uploads\/2022\/05\/PGD_BS_Hao-768x548.jpg 768w, https:\/\/bvndgiadinh.org.vn\/wp-content\/uploads\/2022\/05\/PGD_BS_Hao-1536x1097.jpg 1536w, https:\/\/bvndgiadinh.org.vn\/wp-content\/uploads\/2022\/05\/PGD_BS_Hao-2048x1462.jpg 2048w\" sizes=\"auto, (max-width: 1024px) 100vw, 1024px\" \/><\/figure><\/div>\n\n\n<h5 class=\"wp-block-heading has-text-align-center\"><strong>PH\u00d3 GI\u00c1M \u0110\u1ed0C<\/strong><\/h5>\n\n\n\n<h5 class=\"wp-block-heading has-text-align-center\">BS.CKII \u0110INH H\u1eeeU H\u00c0O<\/h5>\n<\/div>\n\n\n\n<div class=\"wp-block-column is-layout-flow wp-block-column-is-layout-flow\" style=\"flex-basis:25%\">\n<div class=\"wp-block-uagb-image uagb-block-ad7ef3e8 wp-block-uagb-image--layout-default wp-block-uagb-image--effect-static wp-block-uagb-image--align-none\"><figure class=\"wp-block-uagb-image__figure\"><img decoding=\"async\" srcset=\"https:\/\/bvndgiadinh.org.vn\/wp-content\/uploads\/2024\/04\/BS-Tuong-Anh-2.jpg \" sizes=\"auto, (max-width: 480px) 150px\" src=\"https:\/\/bvndgiadinh.org.vn\/wp-content\/uploads\/2024\/04\/BS-Tuong-Anh-2.jpg\" alt=\"\" class=\"uag-image-5559\" width=\"2560\" height=\"1707\" title=\"\" loading=\"lazy\" role=\"img\"\/><\/figure><\/div>\n\n\n\n<h5 class=\"wp-block-heading has-text-align-center\"><strong>PH\u00d3 GI\u00c1M \u0110\u1ed0C<\/strong><\/h5>\n\n\n\n<h5 class=\"wp-block-heading has-text-align-center\">PGS.TS.BS MAI PHAN T\u01af\u1edcNG ANH<\/h5>\n<\/div>\n\n\n\n<div class=\"wp-block-column is-layout-flow wp-block-column-is-layout-flow\" style=\"flex-basis:25%\">\n<div class=\"wp-block-uagb-image uagb-block-9666b856 wp-block-uagb-image--layout-default wp-block-uagb-image--effect-static wp-block-uagb-image--align-none\"><figure class=\"wp-block-uagb-image__figure\"><img decoding=\"async\" srcset=\"https:\/\/bvndgiadinh.org.vn\/wp-content\/uploads\/2026\/02\/bs-Huy-3-scaled.jpg ,https:\/\/bvndgiadinh.org.vn\/wp-content\/uploads\/2026\/02\/bs-Huy-3-scaled.jpg 780w, https:\/\/bvndgiadinh.org.vn\/wp-content\/uploads\/2026\/02\/bs-Huy-3-scaled.jpg 360w\" sizes=\"auto, (max-width: 480px) 150px\" src=\"https:\/\/bvndgiadinh.org.vn\/wp-content\/uploads\/2026\/02\/bs-Huy-3-scaled.jpg\" alt=\"\" class=\"uag-image-13740\" width=\"2560\" height=\"1726\" title=\"bs Huy 3\" loading=\"lazy\" role=\"img\"\/><\/figure><\/div>\n\n\n\n<p class=\"has-text-align-center\"><strong>PH\u00d3 GI\u00c1M \u0110\u1ed0C<\/strong><\/p>\n\n\n\n<p class=\"has-text-align-center\">BS.CKII. MAI \u0110\u1ee8C HUY<\/p>\n<\/div>\n<\/div>\n\n\n\n<p><\/p>\n\n\n\n<p><a href=\"http:\/\/bvndgiadinh.org.vn\/doctor\/bangiamdoc\/#\"><\/a><\/p>\n\n\n\n<p><a href=\"http:\/\/bvndgiadinh.org.vn\/doctor\/bangiamdoc\/#\"><\/a><\/p>\n\n\n\n<p><\/p>\n","protected":false},"excerpt":{"rendered":"<p>GI\u00c1M \u0110\u1ed0C PGS.TS.BS NGUY\u1ec4N HO\u00c0NG H\u1ea2I L\u1ea5y ng\u01b0\u1eddi b\u1ec7nh l\u00e0m trung t\u00e2m, \u0111\u00e1p \u1ee9ng s\u1ef1 mong \u0111\u1ee3i c\u1ee7a ng\u01b0\u1eddi b\u1ec7nh b\u1eb1ng c\u00e1ch \u0111a d\u1ea1ng h\u00f3a d\u1ecbch v\u1ee5 y t\u1ebf \u0111\u1ea3m b\u1ea3o ch\u1ea5t l\u01b0\u1ee3ng, an to\u00e0n ng\u01b0\u1eddi b\u1ec7nh v\u1edbi gi\u00e1 c\u1ea3 h\u1ee3p l\u00fd, t\u00f4n tr\u1ecdng y \u0111\u1ee9c v\u00e0 tu\u00e2n th\u1ee7 ph\u00e1p lu\u1eadt. PH\u00d3 GI\u00c1M \u0110\u1ed0C TS.BS [&hellip;]<\/p>\n","protected":false},"author":1,"featured_media":0,"parent":0,"menu_order":0,"comment_status":"closed","ping_status":"closed","template":"","meta":{"_regular_price":[],"currency_symbol":[],"inline_featured_image":false,"_uag_custom_page_level_css":"","_monsterinsights_skip_tracking":false,"_monsterinsights_sitenote_active":false,"_monsterinsights_sitenote_note":"","_monsterinsights_sitenote_category":0,"footnotes":""},"class_list":["post-134","page","type-page","status-publish","hentry"],"aioseo_notices":[],"post_slider_layout_featured_media_urls":{"thumbnail":"","post_slider_layout_landscape_large":"","post_slider_layout_portrait_large":"","post_slider_layout_square_large":"","post_slider_layout_landscape":"","post_slider_layout_portrait":"","post_slider_layout_square":"","full":""},"uagb_featured_image_src":{"full":false,"thumbnail":false,"medium":false,"medium_large":false,"large":false,"PVGM_gallery_admin_thumb":false,"PVGM_gallery_admin_circle":false,"PVGM_gallery_admin_medium":false,"1536x1536":false,"2048x2048":false,"post_slider_layout_landscape_large":false,"post_slider_layout_portrait_large":false,"post_slider_layout_square_large":false,"post_slider_layout_landscape":false,"post_slider_layout_portrait":false,"post_slider_layout_square":false,"ultp_layout_landscape_large":false,"ultp_layout_landscape":false,"ultp_layout_portrait":false,"ultp_layout_square":false,"elixar_section_extra_thumb":false,"elixar_gallery_thumb":false,"elixar_blog_home_thumb":false,"elixar_blog_full_thumb":false,"elixar_blog_sidebar_thumb":false,"woocommerce_thumbnail":false,"woocommerce_single":false,"woocommerce_gallery_thumbnail":false},"uagb_author_info":{"display_name":"quantri","author_link":"https:\/\/bvndgiadinh.org.vn\/?author=1"},"uagb_comment_info":0,"uagb_excerpt":"GI\u00c1M \u0110\u1ed0C PGS.TS.BS NGUY\u1ec4N HO\u00c0NG H\u1ea2I L\u1ea5y ng\u01b0\u1eddi b\u1ec7nh l\u00e0m trung t\u00e2m, \u0111\u00e1p \u1ee9ng s\u1ef1 mong \u0111\u1ee3i c\u1ee7a ng\u01b0\u1eddi b\u1ec7nh b\u1eb1ng c\u00e1ch \u0111a d\u1ea1ng h\u00f3a d\u1ecbch v\u1ee5 y t\u1ebf \u0111\u1ea3m b\u1ea3o ch\u1ea5t l\u01b0\u1ee3ng, an to\u00e0n ng\u01b0\u1eddi b\u1ec7nh v\u1edbi gi\u00e1 c\u1ea3 h\u1ee3p l\u00fd, t\u00f4n tr\u1ecdng y \u0111\u1ee9c v\u00e0 tu\u00e2n th\u1ee7 ph\u00e1p lu\u1eadt. PH\u00d3 GI\u00c1M \u0110\u1ed0C TS.BS&hellip;","_links":{"self":[{"href":"https:\/\/bvndgiadinh.org.vn\/index.php?rest_route=\/wp\/v2\/pages\/134","targetHints":{"allow":["GET"]}}],"collection":[{"href":"https:\/\/bvndgiadinh.org.vn\/index.php?rest_route=\/wp\/v2\/pages"}],"about":[{"href":"https:\/\/bvndgiadinh.org.vn\/index.php?rest_route=\/wp\/v2\/types\/page"}],"author":[{"embeddable":true,"href":"https:\/\/bvndgiadinh.org.vn\/index.php?rest_route=\/wp\/v2\/users\/1"}],"replies":[{"embeddable":true,"href":"https:\/\/bvndgiadinh.org.vn\/index.php?rest_route=%2Fwp%2Fv2%2Fcomments&post=134"}],"version-history":[{"count":5,"href":"https:\/\/bvndgiadinh.org.vn\/index.php?rest_route=\/wp\/v2\/pages\/134\/revisions"}],"predecessor-version":[{"id":13750,"href":"https:\/\/bvndgiadinh.org.vn\/index.php?rest_route=\/wp\/v2\/pages\/134\/revisions\/13750"}],"wp:attachment":[{"href":"https:\/\/bvndgiadinh.org.vn\/index.php?rest_route=%2Fwp%2Fv2%2Fmedia&parent=134"}],"curies":[{"name":"wp","href":"https:\/\/api.w.org\/{rel}","templated":true}]}}