

{"id":1875,"date":"2023-04-17T08:17:35","date_gmt":"2023-04-17T01:17:35","guid":{"rendered":"https:\/\/bvndgiadinh.org.vn\/?page_id=1875"},"modified":"2024-12-13T09:51:48","modified_gmt":"2024-12-13T02:51:48","slug":"chinh-sach-bao-mat-2","status":"publish","type":"page","link":"https:\/\/bvndgiadinh.org.vn\/?page_id=1875","title":{"rendered":"Ch\u00ednh s\u00e1ch b\u1ea3o m\u1eadt"},"content":{"rendered":"\n<p><strong>B\u1ec7nh vi\u1ec7n Nh\u00e2n d\u00e2n Gia \u0111\u1ecbnh<\/strong> lu\u00f4n hi\u1ec3u r\u1eb1ng b\u1ea1n r\u1ea5t quan t\u00e2m \u0111\u1ebfn vi\u1ec7c nh\u1eefng th\u00f4ng tin c\u00e1 nh\u00e2n m\u00e0 b\u1ea1n \u0111\u00e3 tin c\u1eady cung c\u1ea5p cho ch\u00fang t\u00f4i \u0111\u01b0\u1ee3c b\u1ea3o m\u1eadt v\u00e0 s\u1eed d\u1ee5ng ra sao. Ch\u00fang t\u00f4i cam k\u1ebft r\u1eb1ng nh\u1eefng th\u00f4ng tin n\u00e0y s\u1ebd \u0111\u01b0\u1ee3c ch\u00fang t\u00f4i n\u1ed7 l\u1ef1c t\u1ed1i \u0111a \u0111\u1ec3 b\u1ea3o m\u1eadt. Ch\u00fang t\u00f4i c\u0169ng \u0111\u1ea3m b\u1ea3o s\u1ebd s\u1eed d\u1ee5ng th\u00f4ng tin m\u1ed9t c\u00e1ch h\u1ee3p l\u00fd, c\u00f3 c\u00e2n nh\u1eafc \u0111\u1ec3 kh\u00f4ng ng\u1eebng c\u1ea3i thi\u1ec7n ch\u1ea5t l\u01b0\u1ee3ng d\u1ecbch v\u1ee5, \u0111em l\u1ea1i cho b\u1ea1n nh\u1eefng tr\u1ea3i nghi\u1ec7m t\u1ed1t h\u01a1n khi mua h\u00e0ng v\u00e0 s\u1eed d\u1ee5ng s\u1ea3n ph\u1ea9m, d\u1ecbch v\u1ee5 c\u1ee7a ch\u00fang t\u00f4i.<\/p>\n\n\n\n<p>Vui l\u00f2ng d\u00e0nh ch\u00fat th\u1eddi gian \u0111\u1ec3 t\u00ecm hi\u1ec3u Ch\u00ednh s\u00e1ch b\u1ea3o m\u1eadt c\u1ee7a ch\u00fang t\u00f4i v\u00e0 li\u00ean h\u1ec7 v\u1edbi ch\u00fang t\u00f4i n\u1ebfu b\u1ea1n c\u00f3 b\u1ea5t k\u1ef3 c\u00e2u h\u1ecfi n\u00e0o.<\/p>\n\n\n\n<p>Ch\u00fang t\u00f4i hi\u1ec3u r\u00f5 t\u1ea7m quan tr\u1ecdng c\u1ee7a s\u1ef1 ri\u00eang t\u01b0 v\u00e0 s\u1ebd gi\u1eef b\u00ed m\u1eadt th\u00f4ng tin c\u00e1 nh\u00e2n c\u1ee7a B\u1ea1n. Xin vui l\u00f2ng \u0111\u1ecdc b\u1ea3n Ch\u00ednh s\u00e1ch b\u1ea3o m\u1eadt th\u00f4ng tin n\u00e0y v\u00e0 hi\u1ec3u c\u00e1c h\u00e0nh \u0111\u1ed9ng li\u00ean quan v\u1ec1 th\u00f4ng tin c\u00e1 nh\u00e2n c\u1ee7a B\u1ea1n. Ch\u00ednh s\u00e1ch b\u1ea3o m\u1eadt th\u00f4ng tin n\u00e0y c\u00f3 th\u1ec3 thay \u0111\u1ed5i m\u00e0 kh\u00f4ng th\u00f4ng b\u00e1o tr\u01b0\u1edbc, do \u0111\u00f3 B\u1ea1n vui l\u00f2ng th\u01b0\u1eddng xuy\u00ean r\u00e0 so\u00e1t, c\u1eadp nh\u1eadt c\u00e1c \u0111i\u1ec1u kho\u1ea3n n\u00e0y \u0111\u1ec3 bi\u1ebft nh\u1eefng thay \u0111\u1ed5i.<\/p>\n\n\n\n<p><strong>\u0110I\u1ec0U 1. M\u1ee4C \u0110\u00cdCH V\u00c0 PH\u1ea0M VI THU TH\u1eacP TH\u00d4NG TIN<\/strong><\/p>\n\n\n\n<p><strong>1.1. M\u1ee5c \u0111\u00edch thu th\u1eadp th\u00f4ng tin:<\/strong><\/p>\n\n\n\n<p>Vi\u1ec7c thu th\u1eadp d\u1eef li\u1ec7u ch\u1ee7 y\u1ebfu tr\u00ean \u1ee9ng d\u1ee5ng \u0111i\u1ec7n tho\u1ea1i (Mobile App) <a><\/a><a><strong>BV. Nh\u00e2n d\u00e2n Gia \u0111\u1ecbnh<\/strong>&nbsp; <\/a>bao g\u1ed3m:<\/p>\n\n\n\n<ul class=\"wp-block-list\">\n<li>\u0110\u1ed1i v\u1edbi kh\u00e1ch h\u00e0ng \u0111\u1eb7t l\u1ecbch kh\u00e1m: H\u1ecd t\u00ean, S\u1ed1 h\u1ed3 s\u01a1 t\u1ea1i <strong>BV. Nh\u00e2n d\u00e2n Gia \u0111\u1ecbnh<\/strong>&nbsp; (n\u1ebfu c\u00f3), ng\u00e0y sinh, email, s\u1ed1 \u0111i\u1ec7n tho\u1ea1i, chuy\u00ean khoa c\u1ea7n kh\u00e1m v\u00e0 c\u00e1c y\u00eau c\u1ea7u kh\u00e1c (n\u1ebfu c\u00f3) \u2026<\/li>\n<\/ul>\n\n\n\n<p>\u0110\u00e2y l\u00e0 c\u00e1c th\u00f4ng tin m\u00e0 <strong>BV. Nh\u00e2n d\u00e2n Gia \u0111\u1ecbnh<\/strong>&nbsp;c\u1ea7n Kh\u00e1ch h\u00e0ng cung c\u1ea5p b\u1eaft bu\u1ed9c khi \u0111\u0103ng k\u00fd s\u1eed d\u1ee5ng d\u1ecbch v\u1ee5 \u0110\u1eb7t l\u1ecbch kh\u00e1m tr\u00ean \u1ee9ng d\u1ee5ng \u201c<strong>\u0110\u1eb7t h\u1eb9n kh\u00e1m BV.NDG\u0110<\/strong>\u201d<\/p>\n\n\n\n<p>Ch\u00fang t\u00f4i b\u1ea3o l\u01b0u quy\u1ec1n t\u1eeb ch\u1ed1i tr\u00e1ch nhi\u1ec7m v\u1ec1 b\u1ea5t k\u1ef3 thi\u1ec7t h\u1ea1i n\u00e0o ph\u00e1t sinh n\u1ebfu th\u00f4ng tin c\u00e1 nh\u00e2n c\u1ee7a b\u1ea1n b\u1ecb \u0111\u00e1nh c\u1eafp, b\u1ecb m\u1ea5t ho\u1eb7c b\u1ecb thi\u1ec7t h\u1ea1i do s\u1ef1 c\u1ed1 ho\u1eb7c b\u1eb1ng b\u1ea5t k\u1ef3 c\u00e1ch n\u00e0o kh\u00e1c.<\/p>\n\n\n\n<p><strong>1.2. Ph\u1ea1m vi thu th\u1eadp th\u00f4ng tin c\u00e1 nh\u00e2n<\/strong><\/p>\n\n\n\n<ul class=\"wp-block-list\">\n<li>Cung c\u1ea5p c\u00e1c d\u1ecbch v\u1ee5 \u0111\u1ebfn Kh\u00e1ch h\u00e0ng.<\/li>\n\n\n\n<li>G\u1eedi c\u00e1c th\u00f4ng b\u00e1o v\u1ec1 c\u00e1c ho\u1ea1t \u0111\u1ed9ng trao \u0111\u1ed5i th\u00f4ng tin gi\u1eefa Kh\u00e1ch h\u00e0ng<\/li>\n\n\n\n<li>Li\u00ean l\u1ea1c v\u00e0 gi\u1ea3i quy\u1ebft v\u1edbi kh\u00e1ch h\u00e0ng trong nh\u1eefng tr\u01b0\u1eddng h\u1ee3p \u0111\u1eb7c bi\u1ec7t.<\/li>\n\n\n\n<li>Kh\u00f4ng s\u1eed d\u1ee5ng th\u00f4ng tin c\u00e1 nh\u00e2n c\u1ee7a Kh\u00e1ch h\u00e0ng ngo\u00e0i m\u1ee5c \u0111\u00edch x\u00e1c nh\u1eadn v\u00e0 li\u00ean h\u1ec7 c\u00f3 li\u00ean quan \u0111\u1ebfn giao d\u1ecbch t\u1ea1i \u1ee9ng d\u1ee5ng \u201c<strong>\u0110\u1eb7t h\u1eb9n kh\u00e1m BV.NDG\u0110<\/strong>\u201d<\/li>\n<\/ul>\n\n\n\n<p><strong>\u0110I\u1ec0U 2. PH\u1ea0M VI S\u1eec D\u1ee4NG TH\u00d4NG TIN<\/strong><\/p>\n\n\n\n<ul class=\"wp-block-list\">\n<li>Nh\u1eefng th\u00f4ng tin li\u00ean h\u1ec7 m\u00e0 ch\u00fang t\u00f4i thu th\u1eadp tr\u00ean ch\u1ec9 \u0111\u01b0\u1ee3c d\u00f9ng cho m\u1ee5c \u0111\u00edch th\u00f4ng tin c\u00e1 nh\u00e2n, gi\u00fap ch\u00fang t\u00f4i li\u00ean l\u1ea1c v\u1edbi b\u1ea1n v\u1ec1 nh\u1eefng v\u1ea5n \u0111\u1ec1 c\u00e1 nh\u00e2n nh\u01b0 \u0111\u1eb7t h\u1eb9n kh\u00e1m b\u1ec7nh, cung c\u1ea5p bi\u1ec3u gi\u00e1, v.v\u2026 ho\u1eb7c g\u1eedi b\u1ea3n tin c\u1eadp nh\u1eadt v\u1ec1 \u1ee9ng d\u1ee5ng \u201c<strong>\u0110\u1eb7t h\u1eb9n kh\u00e1m BV.NDG\u0110<\/strong>\u201d.<\/li>\n<\/ul>\n\n\n\n<p><strong>\u0110I\u1ec0U 3. TH\u1edcI GIAN L\u01afU TR\u1eee TH\u00d4NG TIN<\/strong><\/p>\n\n\n\n<p>Ch\u00fang t\u00f4i s\u1ebd l\u01b0u tr\u1eef c\u00e1c th\u00f4ng tin c\u00e1 nh\u00e2n do kh\u00e1ch h\u00e0ng cung c\u1ea5p tr\u00ean c\u00e1c h\u1ec7 th\u1ed1ng qu\u1ea3n l\u00fd, l\u01b0u tr\u1eef d\u1eef li\u1ec7u c\u1ee7a ch\u00fang t\u00f4i ho\u1eb7c ch\u00fang t\u00f4i thu\u00ea trong qu\u00e1 tr\u00ecnh cung c\u1ea5p d\u1ecbch v\u1ee5 cho kh\u00e1ch h\u00e0ng cho \u0111\u1ebfn khi ho\u00e0n th\u00e0nh m\u1ee5c \u0111\u00edch thu th\u1eadp ho\u1eb7c khi B\u1ea1n c\u00f3 y\u00eau c\u1ea7u h\u1ee7y c\u00e1c th\u00f4ng tin \u0111\u00e3 cung c\u1ea5p.<\/p>\n\n\n\n<p><strong>\u0110I\u1ec0U 4. \u0110\u1ecaA CH\u1ec8 C\u1ee6A \u0110\u01a0N V\u1eca THU TH\u1eacP V\u00c0 QU\u1ea2N L\u00dd TH\u00d4NG TIN C\u00c1 NH\u00c2N<\/strong><\/p>\n\n\n\n<p>B\u1ec7nh vi\u1ec7n Nh\u00e2n D\u00e2n Gia \u0110\u1ecbnh<\/p>\n\n\n\n<p>\u0110\u1ecba ch\u1ec9: S\u1ed1 1 N\u01a1 Trang Long, Ph\u01b0\u1eddng 7, Qu\u1eadn B\u00ecnh Th\u1ea1nh, TP.HCM<\/p>\n\n\n\n<p>\u0110i\u1ec7n tho\u1ea1i: 028 38 412 692<\/p>\n\n\n\n<p>Email: info@bvndgiadinh.org.vn<\/p>\n\n\n\n<p><strong>\u0110I\u1ec0U 5. PH\u01af\u01a0NG TI\u1ec6N V\u00c0 C\u00d4NG C\u1ee4 \u0110\u1ec2 NG\u01af\u1edcI D\u00d9NG TI\u1ebeP C\u1eacN V\u00c0 CH\u1ec8NH S\u1eecA D\u1eee LI\u1ec6U C\u00c1 NH\u00c2N C\u1ee6A M\u00ccNH.<\/strong><\/p>\n\n\n\n<p>N\u1ebfu b\u1ea1n kh\u00f4ng quan t\u00e2m ho\u1eb7c kh\u00f4ng mu\u1ed1n nh\u1eadn tin t\u1ee9c, th\u00f4ng tin, B\u1ea1n c\u00f3 th\u1ec3 thay \u0111\u1ed5i th\u00f4ng tin c\u1ee7a B\u1ea1n v\u00e0o b\u1ea5t k\u1ef3 l\u00fac n\u00e0o b\u1eb1ng c\u00e1ch g\u1eedi email v\u1ec1 cho Ch\u00fang t\u00f4i qua \u0111\u1ecba ch\u1ec9 email: info@bvndgiadinh.org.vn<\/p>\n\n\n\n<p><strong>\u0110I\u1ec0U 6. CAM K\u1ebeT B\u1ea2O M\u1eacT TH\u00d4NG TIN C\u00c1 NH\u00c2N KH\u00c1CH H\u00c0NG<\/strong><\/p>\n\n\n\n<p>Ngo\u00e0i vi\u1ec7c s\u1eed d\u1ee5ng c\u00e1c th\u00f4ng tin c\u1ee7a B\u1ea1n v\u00e0o c\u00e1c m\u1ee5c \u0111\u00edch n\u00eau t\u1ea1i Kho\u1ea3n 1.1 \u0110i\u1ec1u 1 c\u1ee7a Ch\u00ednh s\u00e1ch b\u1ea3o m\u1eadt th\u00f4ng tin v\u00e0 ph\u1ea1m vi n\u00eau t\u1ea1i \u0110i\u1ec1u 2 c\u1ee7a Ch\u00ednh s\u00e1ch b\u1ea3o m\u1eadt th\u00f4ng tin n\u00e0y, Ch\u00fang t\u00f4i s\u1ebd gi\u1eef b\u00ed m\u1eadt th\u00f4ng tin c\u00e1 nh\u00e2n c\u1ee7a B\u1ea1n.<\/p>\n\n\n\n<p>Xin vui l\u00f2ng \u0111\u1ecdc b\u1ea3n Ch\u00ednh s\u00e1ch b\u1ea3o m\u1eadt th\u00f4ng tin v\u00e0 hi\u1ec3u c\u00e1c h\u00e0nh \u0111\u1ed9ng li\u00ean quan v\u1ec1 th\u00f4ng tin c\u00e1 nh\u00e2n c\u1ee7a B\u1ea1n. Ch\u00ednh s\u00e1ch b\u1ea3o m\u1eadt th\u00f4ng tin c\u00f3 th\u1ec3 thay \u0111\u1ed5i m\u00e0 kh\u00f4ng th\u00f4ng b\u00e1o tr\u01b0\u1edbc, do \u0111\u00f3 B\u1ea1n vui l\u00f2ng th\u01b0\u1eddng xuy\u00ean r\u00e0 so\u00e1t, c\u1eadp nh\u1eadt c\u00e1c \u0111i\u1ec1u kho\u1ea3n n\u00e0y \u0111\u1ec3 bi\u1ebft nh\u1eefng thay \u0111\u1ed5i.<\/p>\n","protected":false},"excerpt":{"rendered":"<p>B\u1ec7nh vi\u1ec7n Nh\u00e2n d\u00e2n Gia \u0111\u1ecbnh lu\u00f4n hi\u1ec3u r\u1eb1ng b\u1ea1n r\u1ea5t quan t\u00e2m \u0111\u1ebfn vi\u1ec7c nh\u1eefng th\u00f4ng tin c\u00e1 nh\u00e2n m\u00e0 b\u1ea1n \u0111\u00e3 tin c\u1eady cung c\u1ea5p cho ch\u00fang t\u00f4i \u0111\u01b0\u1ee3c b\u1ea3o m\u1eadt v\u00e0 s\u1eed d\u1ee5ng ra sao. Ch\u00fang t\u00f4i cam k\u1ebft r\u1eb1ng nh\u1eefng th\u00f4ng tin n\u00e0y s\u1ebd \u0111\u01b0\u1ee3c ch\u00fang t\u00f4i n\u1ed7 l\u1ef1c t\u1ed1i \u0111a [&hellip;]<\/p>\n","protected":false},"author":8,"featured_media":0,"parent":0,"menu_order":0,"comment_status":"closed","ping_status":"closed","template":"","meta":{"_regular_price":[],"currency_symbol":[],"inline_featured_image":false,"_uag_custom_page_level_css":"","_monsterinsights_skip_tracking":false,"_monsterinsights_sitenote_active":false,"_monsterinsights_sitenote_note":"","_monsterinsights_sitenote_category":0,"footnotes":""},"class_list":["post-1875","page","type-page","status-publish","hentry"],"aioseo_notices":[],"post_slider_layout_featured_media_urls":{"thumbnail":"","post_slider_layout_landscape_large":"","post_slider_layout_portrait_large":"","post_slider_layout_square_large":"","post_slider_layout_landscape":"","post_slider_layout_portrait":"","post_slider_layout_square":"","full":""},"uagb_featured_image_src":{"full":false,"thumbnail":false,"medium":false,"medium_large":false,"large":false,"PVGM_gallery_admin_thumb":false,"PVGM_gallery_admin_circle":false,"PVGM_gallery_admin_medium":false,"1536x1536":false,"2048x2048":false,"post_slider_layout_landscape_large":false,"post_slider_layout_portrait_large":false,"post_slider_layout_square_large":false,"post_slider_layout_landscape":false,"post_slider_layout_portrait":false,"post_slider_layout_square":false,"ultp_layout_landscape_large":false,"ultp_layout_landscape":false,"ultp_layout_portrait":false,"ultp_layout_square":false,"elixar_section_extra_thumb":false,"elixar_gallery_thumb":false,"elixar_blog_home_thumb":false,"elixar_blog_full_thumb":false,"elixar_blog_sidebar_thumb":false,"woocommerce_thumbnail":false,"woocommerce_single":false,"woocommerce_gallery_thumbnail":false},"uagb_author_info":{"display_name":"Nguy\u1ec5n \u0110\u1ee9c D\u0169ng","author_link":"https:\/\/bvndgiadinh.org.vn\/?author=8"},"uagb_comment_info":0,"uagb_excerpt":"B\u1ec7nh vi\u1ec7n Nh\u00e2n d\u00e2n Gia \u0111\u1ecbnh lu\u00f4n hi\u1ec3u r\u1eb1ng b\u1ea1n r\u1ea5t quan t\u00e2m \u0111\u1ebfn vi\u1ec7c nh\u1eefng th\u00f4ng tin c\u00e1 nh\u00e2n m\u00e0 b\u1ea1n \u0111\u00e3 tin c\u1eady cung c\u1ea5p cho ch\u00fang t\u00f4i \u0111\u01b0\u1ee3c b\u1ea3o m\u1eadt v\u00e0 s\u1eed d\u1ee5ng ra sao. Ch\u00fang t\u00f4i cam k\u1ebft r\u1eb1ng nh\u1eefng th\u00f4ng tin n\u00e0y s\u1ebd \u0111\u01b0\u1ee3c ch\u00fang t\u00f4i n\u1ed7 l\u1ef1c t\u1ed1i \u0111a&hellip;","_links":{"self":[{"href":"https:\/\/bvndgiadinh.org.vn\/index.php?rest_route=\/wp\/v2\/pages\/1875","targetHints":{"allow":["GET"]}}],"collection":[{"href":"https:\/\/bvndgiadinh.org.vn\/index.php?rest_route=\/wp\/v2\/pages"}],"about":[{"href":"https:\/\/bvndgiadinh.org.vn\/index.php?rest_route=\/wp\/v2\/types\/page"}],"author":[{"embeddable":true,"href":"https:\/\/bvndgiadinh.org.vn\/index.php?rest_route=\/wp\/v2\/users\/8"}],"replies":[{"embeddable":true,"href":"https:\/\/bvndgiadinh.org.vn\/index.php?rest_route=%2Fwp%2Fv2%2Fcomments&post=1875"}],"version-history":[{"count":1,"href":"https:\/\/bvndgiadinh.org.vn\/index.php?rest_route=\/wp\/v2\/pages\/1875\/revisions"}],"predecessor-version":[{"id":4177,"href":"https:\/\/bvndgiadinh.org.vn\/index.php?rest_route=\/wp\/v2\/pages\/1875\/revisions\/4177"}],"wp:attachment":[{"href":"https:\/\/bvndgiadinh.org.vn\/index.php?rest_route=%2Fwp%2Fv2%2Fmedia&parent=1875"}],"curies":[{"name":"wp","href":"https:\/\/api.w.org\/{rel}","templated":true}]}}